{"id":181,"date":"2026-04-26T14:54:00","date_gmt":"2026-04-26T14:54:00","guid":{"rendered":"https:\/\/iemep.edu.co\/?page_id=181"},"modified":"2026-04-27T01:54:39","modified_gmt":"2026-04-27T01:54:39","slug":"noticias","status":"publish","type":"page","link":"https:\/\/iemep.edu.co\/index.php\/noticias\/","title":{"rendered":"Noticias 2026"},"content":{"rendered":"\n<p>Aqui encontraras la informacion mas importante de nuestra IEMEP<\/p>\n\n\n\n<div class=\"wp-block-query is-layout-flow wp-block-query-is-layout-flow\"><ul class=\"wp-block-post-template is-layout-flow wp-block-post-template-is-layout-flow\"><li class=\"wp-block-post post-720 post type-post status-publish format-standard hentry category-importante category-uncategorized\">\n<h2 class=\"wp-block-post-title\"><a href=\"https:\/\/iemep.edu.co\/index.php\/2026\/04\/16\/convocatoria2026\/\" target=\"_self\" >CONVOCATORIA CONSEJO DIRECTIVO 2026<\/a><\/h2>\n\n\n\n<div class=\"wp-block-post-excerpt\"><p class=\"wp-block-post-excerpt__excerpt\">Ver documento de convocatoria 2026: https:\/\/drive.google.com\/file\/d\/1eJCQ33zb-44GefTQq_USDlo1TIQ5Llta\/view?usp=sharing CONVOCATORIA A LA COMUNIDAD PARA PARTICIPAR EN REPRESENTACION DE LOSEXALUMNOS Y EL SECTOR PRODUCTIVO EN EL CONSEJO DIRECTIVO A\u00d1O 2026-2027 En base a la RESOLUCION No. 001 de mayo 08 de 2025, por la cual se expide el reglamento Interno del ConsejoDirectivo de la Instituci\u00f3n Educativa Manuel Elkin Patarroyo&hellip; <\/p><\/div>\n\n\n<hr class=\"wp-block-separator has-css-opacity\"\/>\n\n\n<div class=\"wp-block-post-date\"><time datetime=\"2026-04-16T17:24:18+00:00\">abril 16, 2026<\/time><\/div>\n<\/li><li class=\"wp-block-post post-580 post type-post status-publish format-standard hentry category-uncategorized\">\n<h2 class=\"wp-block-post-title\"><a href=\"https:\/\/iemep.edu.co\/index.php\/2026\/02\/18\/reunion-de-padres-de-familia-2026\/\" target=\"_self\" >TALLERES DE REFUERZO Y SUPERACION &#8211; PRIMER PERIODO 2026<\/a><\/h2>\n\n\n\n<div class=\"wp-block-post-excerpt\"><p class=\"wp-block-post-excerpt__excerpt\">Ingrese a www.iemep.edu.co ir a la opcion de NOTICIAS y buscar TALLERES DE REFUERZO Y SUPERACION &#8211; PRIMER PERIODO 2026 https:\/\/drive.google.com\/drive\/folders\/1xLGap-po0W34M0EhmMEAN8s-wB_bE3UN?usp=sharing <\/p><\/div>\n\n\n<hr class=\"wp-block-separator has-css-opacity\"\/>\n\n\n<div class=\"wp-block-post-date\"><time datetime=\"2026-02-18T14:34:43+00:00\">febrero 18, 2026<\/time><\/div>\n<\/li><li class=\"wp-block-post post-485 post type-post status-publish format-standard has-post-thumbnail hentry category-uncategorized\">\n<h2 class=\"wp-block-post-title\"><a href=\"https:\/\/iemep.edu.co\/index.php\/2026\/01\/25\/fan-page\/\" target=\"_self\" >FAN PAGE<\/a><\/h2>\n\n<figure class=\"alignwide wp-block-post-featured-image\"><a href=\"https:\/\/iemep.edu.co\/index.php\/2026\/01\/25\/fan-page\/\" target=\"_self\"  ><img loading=\"lazy\" decoding=\"async\" width=\"357\" height=\"216\" src=\"https:\/\/iemep.edu.co\/wp-content\/uploads\/2026\/01\/fanp2.png\" class=\"attachment-post-thumbnail size-post-thumbnail wp-post-image\" alt=\"FAN PAGE\" style=\"object-fit:cover;\" srcset=\"https:\/\/iemep.edu.co\/wp-content\/uploads\/2026\/01\/fanp2.png 357w, https:\/\/iemep.edu.co\/wp-content\/uploads\/2026\/01\/fanp2-300x182.png 300w\" sizes=\"auto, (max-width: 357px) 100vw, 357px\" \/><\/a><\/figure>\n\n<div class=\"wp-block-post-excerpt\"><p class=\"wp-block-post-excerpt__excerpt\">Te invitamos a conocer nuestra p\u00e1gina de Facebook, donde podr\u00e1s estar al tanto de todo lo que sucede en nuestra instituci\u00f3n. En nuestra p\u00e1gina, encontrar\u00e1s informaci\u00f3n sobre nuestra comunidad educativa, eventos y actividades acad\u00e9micas y culturales. Adem\u00e1s, podr\u00e1s interactuar con nuestra comunidad, compartir tus ideas y opiniones, y participar en nuestras iniciativas y campa\u00f1as. En&hellip; <\/p><\/div>\n\n\n<hr class=\"wp-block-separator has-css-opacity\"\/>\n\n\n<div class=\"wp-block-post-date\"><time datetime=\"2026-01-25T23:42:30+00:00\">enero 25, 2026<\/time><\/div>\n<\/li><\/ul><\/div>\n\n\n\n<div class=\"wp-block-query is-layout-flow wp-block-query-is-layout-flow\"><ul class=\"wp-block-post-template is-layout-flow wp-block-post-template-is-layout-flow\"><li class=\"wp-block-post post-720 post type-post status-publish format-standard hentry category-importante category-uncategorized\">\n<h2 class=\"wp-block-post-title\"><a href=\"https:\/\/iemep.edu.co\/index.php\/2026\/04\/16\/convocatoria2026\/\" target=\"_self\" >CONVOCATORIA CONSEJO DIRECTIVO 2026<\/a><\/h2>\n\n\n\n<div class=\"wp-block-post-excerpt\"><p class=\"wp-block-post-excerpt__excerpt\">Ver documento de convocatoria 2026: https:\/\/drive.google.com\/file\/d\/1eJCQ33zb-44GefTQq_USDlo1TIQ5Llta\/view?usp=sharing CONVOCATORIA A LA COMUNIDAD PARA PARTICIPAR EN REPRESENTACION DE LOSEXALUMNOS Y EL SECTOR PRODUCTIVO EN EL CONSEJO DIRECTIVO A\u00d1O 2026-2027 En base a la RESOLUCION No. 001 de mayo 08 de 2025, por la cual se expide el reglamento Interno del ConsejoDirectivo de la Instituci\u00f3n Educativa Manuel Elkin Patarroyo&hellip; <\/p><\/div>\n\n\n<hr class=\"wp-block-separator has-css-opacity\"\/>\n\n\n<div class=\"wp-block-post-date\"><time datetime=\"2026-04-16T17:24:18+00:00\">abril 16, 2026<\/time><\/div>\n<\/li><li class=\"wp-block-post post-580 post type-post status-publish format-standard hentry category-uncategorized\">\n<h2 class=\"wp-block-post-title\"><a href=\"https:\/\/iemep.edu.co\/index.php\/2026\/02\/18\/reunion-de-padres-de-familia-2026\/\" target=\"_self\" >TALLERES DE REFUERZO Y SUPERACION &#8211; PRIMER PERIODO 2026<\/a><\/h2>\n\n\n\n<div class=\"wp-block-post-excerpt\"><p class=\"wp-block-post-excerpt__excerpt\">Ingrese a www.iemep.edu.co ir a la opcion de NOTICIAS y buscar TALLERES DE REFUERZO Y SUPERACION &#8211; PRIMER PERIODO 2026 https:\/\/drive.google.com\/drive\/folders\/1xLGap-po0W34M0EhmMEAN8s-wB_bE3UN?usp=sharing <\/p><\/div>\n\n\n<hr class=\"wp-block-separator has-css-opacity\"\/>\n\n\n<div class=\"wp-block-post-date\"><time datetime=\"2026-02-18T14:34:43+00:00\">febrero 18, 2026<\/time><\/div>\n<\/li><li class=\"wp-block-post post-485 post type-post status-publish format-standard has-post-thumbnail hentry category-uncategorized\">\n<h2 class=\"wp-block-post-title\"><a href=\"https:\/\/iemep.edu.co\/index.php\/2026\/01\/25\/fan-page\/\" target=\"_self\" >FAN PAGE<\/a><\/h2>\n\n<figure class=\"alignwide wp-block-post-featured-image\"><a href=\"https:\/\/iemep.edu.co\/index.php\/2026\/01\/25\/fan-page\/\" target=\"_self\"  ><img loading=\"lazy\" decoding=\"async\" width=\"357\" height=\"216\" src=\"https:\/\/iemep.edu.co\/wp-content\/uploads\/2026\/01\/fanp2.png\" class=\"attachment-post-thumbnail size-post-thumbnail wp-post-image\" alt=\"FAN PAGE\" style=\"object-fit:cover;\" srcset=\"https:\/\/iemep.edu.co\/wp-content\/uploads\/2026\/01\/fanp2.png 357w, https:\/\/iemep.edu.co\/wp-content\/uploads\/2026\/01\/fanp2-300x182.png 300w\" sizes=\"auto, (max-width: 357px) 100vw, 357px\" \/><\/a><\/figure>\n\n<div class=\"wp-block-post-excerpt\"><p class=\"wp-block-post-excerpt__excerpt\">Te invitamos a conocer nuestra p\u00e1gina de Facebook, donde podr\u00e1s estar al tanto de todo lo que sucede en nuestra instituci\u00f3n. En nuestra p\u00e1gina, encontrar\u00e1s informaci\u00f3n sobre nuestra comunidad educativa, eventos y actividades acad\u00e9micas y culturales. Adem\u00e1s, podr\u00e1s interactuar con nuestra comunidad, compartir tus ideas y opiniones, y participar en nuestras iniciativas y campa\u00f1as. En&hellip; <\/p><\/div>\n\n\n<hr class=\"wp-block-separator has-css-opacity\"\/>\n\n\n<div class=\"wp-block-post-date\"><time datetime=\"2026-01-25T23:42:30+00:00\">enero 25, 2026<\/time><\/div>\n<\/li><\/ul><\/div>\n","protected":false},"excerpt":{"rendered":"<p>Aqui encontraras la informacion mas importante de nuestra IEMEP<\/p>\n","protected":false},"author":1,"featured_media":798,"parent":0,"menu_order":1,"comment_status":"closed","ping_status":"closed","template":"noticias","meta":{"footnotes":""},"class_list":["post-181","page","type-page","status-publish","has-post-thumbnail","hentry"],"_links":{"self":[{"href":"https:\/\/iemep.edu.co\/index.php\/wp-json\/wp\/v2\/pages\/181","targetHints":{"allow":["GET"]}}],"collection":[{"href":"https:\/\/iemep.edu.co\/index.php\/wp-json\/wp\/v2\/pages"}],"about":[{"href":"https:\/\/iemep.edu.co\/index.php\/wp-json\/wp\/v2\/types\/page"}],"author":[{"embeddable":true,"href":"https:\/\/iemep.edu.co\/index.php\/wp-json\/wp\/v2\/users\/1"}],"replies":[{"embeddable":true,"href":"https:\/\/iemep.edu.co\/index.php\/wp-json\/wp\/v2\/comments?post=181"}],"version-history":[{"count":10,"href":"https:\/\/iemep.edu.co\/index.php\/wp-json\/wp\/v2\/pages\/181\/revisions"}],"predecessor-version":[{"id":813,"href":"https:\/\/iemep.edu.co\/index.php\/wp-json\/wp\/v2\/pages\/181\/revisions\/813"}],"wp:featuredmedia":[{"embeddable":true,"href":"https:\/\/iemep.edu.co\/index.php\/wp-json\/wp\/v2\/media\/798"}],"wp:attachment":[{"href":"https:\/\/iemep.edu.co\/index.php\/wp-json\/wp\/v2\/media?parent=181"}],"curies":[{"name":"wp","href":"https:\/\/api.w.org\/{rel}","templated":true}]}}

<p>Aqui encontraras la informacion mas importante de nuestra IEMEP</p>



<div class="wp-block-query is-layout-flow wp-block-query-is-layout-flow"><ul class="wp-block-post-template is-layout-flow wp-block-post-template-is-layout-flow"><li class="wp-block-post post-720 post type-post status-publish format-standard hentry category-importante category-uncategorized">
<h2 class="wp-block-post-title"><a href="https://iemep.edu.co/index.php/2026/04/16/convocatoria2026/" target="_self" >CONVOCATORIA CONSEJO DIRECTIVO 2026</a></h2>



<div class="wp-block-post-excerpt"><p class="wp-block-post-excerpt__excerpt">Ver documento de convocatoria 2026: https://drive.google.com/file/d/1eJCQ33zb-44GefTQq_USDlo1TIQ5Llta/view?usp=sharing CONVOCATORIA A LA COMUNIDAD PARA PARTICIPAR EN REPRESENTACION DE LOSEXALUMNOS Y EL SECTOR PRODUCTIVO EN EL CONSEJO DIRECTIVO AÑO 2026-2027 En base a la RESOLUCION No. 001 de mayo 08 de 2025, por la cual se expide el reglamento Interno del ConsejoDirectivo de la Institución Educativa Manuel Elkin Patarroyo&hellip; </p></div>


<hr class="wp-block-separator has-css-opacity"/>


<div class="wp-block-post-date"><time datetime="2026-04-16T17:24:18+00:00">abril 16, 2026</time></div>
</li><li class="wp-block-post post-580 post type-post status-publish format-standard hentry category-uncategorized">
<h2 class="wp-block-post-title"><a href="https://iemep.edu.co/index.php/2026/02/18/reunion-de-padres-de-familia-2026/" target="_self" >TALLERES DE REFUERZO Y SUPERACION &#8211; PRIMER PERIODO 2026</a></h2>



<div class="wp-block-post-excerpt"><p class="wp-block-post-excerpt__excerpt">Ingrese a www.iemep.edu.co ir a la opcion de NOTICIAS y buscar TALLERES DE REFUERZO Y SUPERACION &#8211; PRIMER PERIODO 2026 https://drive.google.com/drive/folders/1xLGap-po0W34M0EhmMEAN8s-wB_bE3UN?usp=sharing </p></div>


<hr class="wp-block-separator has-css-opacity"/>


<div class="wp-block-post-date"><time datetime="2026-02-18T14:34:43+00:00">febrero 18, 2026</time></div>
</li><li class="wp-block-post post-485 post type-post status-publish format-standard has-post-thumbnail hentry category-uncategorized">
<h2 class="wp-block-post-title"><a href="https://iemep.edu.co/index.php/2026/01/25/fan-page/" target="_self" >FAN PAGE</a></h2>

<figure class="alignwide wp-block-post-featured-image"><a href="https://iemep.edu.co/index.php/2026/01/25/fan-page/" target="_self"  ><img loading="lazy" decoding="async" width="357" height="216" src="https://iemep.edu.co/wp-content/uploads/2026/01/fanp2.png" class="attachment-post-thumbnail size-post-thumbnail wp-post-image" alt="FAN PAGE" style="object-fit:cover;" srcset="https://iemep.edu.co/wp-content/uploads/2026/01/fanp2.png 357w, https://iemep.edu.co/wp-content/uploads/2026/01/fanp2-300x182.png 300w" sizes="auto, (max-width: 357px) 100vw, 357px" /></a></figure>

<div class="wp-block-post-excerpt"><p class="wp-block-post-excerpt__excerpt">Te invitamos a conocer nuestra página de Facebook, donde podrás estar al tanto de todo lo que sucede en nuestra institución. En nuestra página, encontrarás información sobre nuestra comunidad educativa, eventos y actividades académicas y culturales. Además, podrás interactuar con nuestra comunidad, compartir tus ideas y opiniones, y participar en nuestras iniciativas y campañas. En&hellip; </p></div>


<hr class="wp-block-separator has-css-opacity"/>


<div class="wp-block-post-date"><time datetime="2026-01-25T23:42:30+00:00">enero 25, 2026</time></div>
</li></ul></div>



<div class="wp-block-query is-layout-flow wp-block-query-is-layout-flow"><ul class="wp-block-post-template is-layout-flow wp-block-post-template-is-layout-flow"><li class="wp-block-post post-720 post type-post status-publish format-standard hentry category-importante category-uncategorized">
<h2 class="wp-block-post-title"><a href="https://iemep.edu.co/index.php/2026/04/16/convocatoria2026/" target="_self" >CONVOCATORIA CONSEJO DIRECTIVO 2026</a></h2>



<div class="wp-block-post-excerpt"><p class="wp-block-post-excerpt__excerpt">Ver documento de convocatoria 2026: https://drive.google.com/file/d/1eJCQ33zb-44GefTQq_USDlo1TIQ5Llta/view?usp=sharing CONVOCATORIA A LA COMUNIDAD PARA PARTICIPAR EN REPRESENTACION DE LOSEXALUMNOS Y EL SECTOR PRODUCTIVO EN EL CONSEJO DIRECTIVO AÑO 2026-2027 En base a la RESOLUCION No. 001 de mayo 08 de 2025, por la cual se expide el reglamento Interno del ConsejoDirectivo de la Institución Educativa Manuel Elkin Patarroyo&hellip; </p></div>


<hr class="wp-block-separator has-css-opacity"/>


<div class="wp-block-post-date"><time datetime="2026-04-16T17:24:18+00:00">abril 16, 2026</time></div>
</li><li class="wp-block-post post-580 post type-post status-publish format-standard hentry category-uncategorized">
<h2 class="wp-block-post-title"><a href="https://iemep.edu.co/index.php/2026/02/18/reunion-de-padres-de-familia-2026/" target="_self" >TALLERES DE REFUERZO Y SUPERACION &#8211; PRIMER PERIODO 2026</a></h2>



<div class="wp-block-post-excerpt"><p class="wp-block-post-excerpt__excerpt">Ingrese a www.iemep.edu.co ir a la opcion de NOTICIAS y buscar TALLERES DE REFUERZO Y SUPERACION &#8211; PRIMER PERIODO 2026 https://drive.google.com/drive/folders/1xLGap-po0W34M0EhmMEAN8s-wB_bE3UN?usp=sharing </p></div>


<hr class="wp-block-separator has-css-opacity"/>


<div class="wp-block-post-date"><time datetime="2026-02-18T14:34:43+00:00">febrero 18, 2026</time></div>
</li><li class="wp-block-post post-485 post type-post status-publish format-standard has-post-thumbnail hentry category-uncategorized">
<h2 class="wp-block-post-title"><a href="https://iemep.edu.co/index.php/2026/01/25/fan-page/" target="_self" >FAN PAGE</a></h2>

<figure class="alignwide wp-block-post-featured-image"><a href="https://iemep.edu.co/index.php/2026/01/25/fan-page/" target="_self"  ><img loading="lazy" decoding="async" width="357" height="216" src="https://iemep.edu.co/wp-content/uploads/2026/01/fanp2.png" class="attachment-post-thumbnail size-post-thumbnail wp-post-image" alt="FAN PAGE" style="object-fit:cover;" srcset="https://iemep.edu.co/wp-content/uploads/2026/01/fanp2.png 357w, https://iemep.edu.co/wp-content/uploads/2026/01/fanp2-300x182.png 300w" sizes="auto, (max-width: 357px) 100vw, 357px" /></a></figure>

<div class="wp-block-post-excerpt"><p class="wp-block-post-excerpt__excerpt">Te invitamos a conocer nuestra página de Facebook, donde podrás estar al tanto de todo lo que sucede en nuestra institución. En nuestra página, encontrarás información sobre nuestra comunidad educativa, eventos y actividades académicas y culturales. Además, podrás interactuar con nuestra comunidad, compartir tus ideas y opiniones, y participar en nuestras iniciativas y campañas. En&hellip; </p></div>


<hr class="wp-block-separator has-css-opacity"/>


<div class="wp-block-post-date"><time datetime="2026-01-25T23:42:30+00:00">enero 25, 2026</time></div>
</li></ul></div>
